) + 4*t(l). Suppose -5*b - 11 = -5*d + 29, 2*d = -3*b + 6. List the prime factors of p(d).
2
Let r = -13 - -9. Let m(l) = -l**2 - 5*l + 3. Let g be m(r). Suppose -f + 17 = -g. List the prime factors of f.
2, 3
Let f = -254 + 471. List the prime factors of f.
7, 31
Let w(r) = 3*r - 13. Let z be w(5). List the prime factors of (-79)/(-1)*z*1.
2, 79
Let c = 38 + -32. Suppose -15 - c = -3*t. Suppose -5*p - 2*u + 167 = 0, -t*u + 2*u - 28 = -p. List the prime factors of p.
3, 11
Suppose -31 = -3*i - g + 3*g, 3*g + 19 = 2*i. Suppose -3*v - 2*m = i - 3, -4*v - 2*m = 10. List the prime factors of 774/63 - v/(-7).
2, 3
Let l(p) = -p + 2. Let y be l(-3). Suppose y*r = 45 + 145. List the prime factors of r.
2, 19
What are the prime factors of 5/(-10)*-3*106?
3, 53
Suppose -11 - 22 = p - 4*b, 0 = 2*b + 4. Let r = 104 + p. List the prime factors of r.
3, 7
Suppose -6*u + 18 = 6. Suppose -5*d = 4*w + u, -w - d = 4*w - 8. Suppose -w*z = -32 - 56. List the prime factors of z.
2, 11
Let z(d) = 3*d. Let c be z(6). Suppose c = 2*j - 5*i, 3*i + 4 + 6 = j. Suppose u - 5*l - 19 = 0, -5*u + 59 = -j*l - 15. List the prime factors of u.
2, 7
Let g(u) be the first derivative of 11*u**5/40 - u**4/12 - 2*u**3/3 - 7. Let p(y) be the third derivative of g(y). What are the prime factors of p(1)?
31
Let r be -63*(3 + (-21)/9). Let c = 120 + r. Let i = -41 + c. What are the prime factors of i?
37
Let b(x) = 4*x**3 + 2*x**2 + 27*x - 137. List the prime factors of b(8).
5, 11, 41
Suppose 69 - 57 = 3*z. Suppose -37*c - z = -38*c. What are the prime factors of c?
2
Let v(f) = 96*f - 10. Let l be v(3). What are the prime factors of 1*5/(-2)*l/(-5)?
139
Suppose 5309 = 3*c - 0*c + i, 2*c - i = 3541. List the prime factors of c.
2, 3, 5, 59
Let d(o) = 106*o**3 - 3*o - 13*o**3 + 2*o**2 + 12*o**3 - 3*o**2 + 2. List the prime factors of d(1).
103
Suppose 14*g - 10*g = y - 1738, -3*g - 1738 = -y. What are the prime factors of y?
2, 11, 79
Let p(y) = 2*y**2 - 3*y + 5. Let o be p(0). List the prime factors of 430/o - (-7 - 12/(-4)).
2, 3, 5
Let p(x) = x**2 + 3*x + 3. Let i = -6 + 10. Let y be i*1/(-3)*-3. List the prime factors of p(y).
31
Let t(x) = -x**3 + 13*x**2 + 3*x + 21. Let m be t(14). Let c = m + 137. What are the prime factors of c?
2
Suppose -2*r - 5*f + 177 = 36, 4*r - 296 = 4*f. Let t = r + -37. List the prime factors of t.
2, 3
Let l(w) = -2*w**2 + 4*w**2 - 10*w + 2*w**2 - 5*w**2 - 9. Let v be l(-10). Let n = -6 - v. List the prime factors of n.
3
Let n = -105 + 177. Suppose 0 = -0*w - 2*w + n. List the prime factors of w.
2, 3
Let y(g) = 8*g**2 - 6*g - 49. List the prime factors of y(11).
853
Let f be -87 + 6/4 + 33/(-6). Let y(q) = -3*q**3 - 5*q**2 + 3*q + 5. Let d be y(6). List the prime factors of d/f - (-4)/26.
3
Let h(t) = t + 11. Let w be h(-12). Let d = 1 - w. Suppose d*r = -r + 33. What are the prime factors of r?
11
Let h(u) = -26*u**2 + 2*u - 22 + 26 - 7*u + 20 - u**3. List the prime factors of h(-26).
2, 7, 11
Let d(t) be the first derivative of 2*t**3/3 + 9*t**2/2 - 5*t + 13. List the prime factors of d(-9).
2, 19
Suppose -2*c + 3053 = d, 35*d = -4*c + 31*d + 6108. List the prime factors of c.
2, 7, 109
Suppose -32*l + 13581 = -5*l. What are the prime factors of l?
503
Let k(h) = 514*h + 70. List the prime factors of k(5).
2, 3, 5, 11
What are the prime factors of 48/1*7/((-21)/(-117))?
2, 3, 13
List the prime factors of ((-2)/(-6))/((-8)/(-24)) - -1090.
1091
Let x be (-12)/(-18)*(9 - 3). Suppose -o = x - 22. Let a = o + 15. What are the prime factors of a?
3, 11
Let z(a) = 187*a**2 + 2*a + 1. Let n be (-1 - -2) + -4 + 2. What are the prime factors of z(n)?
2, 3, 31
Let z(i) = i**2 - 5*i - 11. Let q(u) = -u**3 + 9*u**2 - 10*u - 3. Let a be q(8). Let j = a + 14. What are the prime factors of z(j)?
3, 13
Let f be (-6)/4*12/(-18). Let k = f + 5. What are the prime factors of 63/k*2 + 2?
23
List the prime factors of 12/120 - 41427/(-30).
1381
What are the prime factors of 2*-862*1*(-8)/16?
2, 431
Let x(b) = 13*b**3 - 11*b**2 - 23*b + 14. Let j(z) = -4*z**3 + 4*z**2 + 8*z - 5. Let o(a) = 17*j(a) + 6*x(a). What are the prime factors of o(2)?
83
Suppose -6 = -r + 2*t, -2*r - 12 = -0*r + 2*t. Let k be 1/r*(-33 - -13). Let p = k - 6. What are the prime factors of p?
2
What are the prime factors of -4 - (-481)/(-5 + 6)?
3, 53
Let y(k) = 10*k**2 + 13*k - 41. List the prime factors of y(-16).
2311
Suppose 0 = -14*c - 4*c + 9486. What are the prime factors of c?
17, 31
Let p = 4076 + -1993. What are the prime factors of p?
2083
Let o = 12 + -6. Let m(u) = 5*u. Let s be m(5). Suppose -s = -o*i + i. List the prime factors of i.
5
Suppose 0 = 5*g - 3*a + 92 + 169, 5*g + 245 = -5*a. What are the prime factors of (-243)/(-4) + g/68 - -1?
61
Let s be (-18)/(-30) - 2*1/(-5). List the prime factors of 6 - 2 - 648/(-3)*s.
2, 5, 11
Let l be (10/6)/(10/30). Suppose -5*k = l*i - 0*i - 65, -4*i - 2*k + 42 = 0. Suppose 5*p + 4*g - 25 = 0, -5*g = i + 17. What are the prime factors of p?
3
Suppose 0 = 5*z - 650 - 1685. What are the prime factors of z?
467
What are the prime factors of (-4 - (-100)/24)/(2/516)?
43
Let f be -10*(-21)/12*(-52)/(-5). Let z = f + -93. What are the prime factors of z?
89
Suppose -47 = -7*a - 5. Let p be 0/(1 - 3) - 489. What are the prime factors of a/33 + p/(-33)?
3, 5
Let r = -2019 + 2935. List the prime factors of r.
2, 229
List the prime factors of -2 + (-5629)/(-52)*28.
13, 233
Let v(u) = -6*u + 14. Let k(x) = -7*x + 15. Let g(i) = 4*k(i) - 5*v(i). Let d be g(6). Suppose 36 = d*t - 2. List the prime factors of t.
19
Let k = -2 - -4. Suppose -o + 6 = 3*o - 3*w, -5*w - 10 = 0. Suppose 0 = -k*x - o*x + 14. What are the prime factors of x?
7
Let v(h) = h**3 - 11*h**2 + 14*h - 4. Suppose 0 = n - x - 10, 0 = 2*x - 4*x. What are the prime factors of v(n)?
2, 3
Suppose -1536 = 12*d - 16*d. Suppose -5*x - 2*u + d = -140, -x - 3*u = -110. List the prime factors of x.
2, 13
Let a(g) = g**3 + 10*g**2 - 9*g + 1. Let d be a(-11). Let q = d + 47. List the prime factors of q.
2, 13
Let o(l) = 5*l**2 - 6*l + 2. Let h = 8 - 3. Let t be o(h). Suppose 167 + t = 6*f. What are the prime factors of f?
2, 11
Let p = 69 - 69. Suppose q + p*q - 70 = 0. List the prime factors of q.
2, 5, 7
Suppose 0*p - 11*p = -3223. What are the prime factors of p?
293
Let w(u) = -12*u - 19. Let n be w(-7). Let x = 102 - n. What are the prime factors of x?
37
List the prime factors of 1096/5 + 16/20.
2, 5, 11
Let j = 680 - -433. List the prime factors of j.
3, 7, 53
What are the prime factors of (-946)/(-8) + (-8)/32?
2, 59
Let h(p) = -p**3 - 19*p**2 - 18*p - 35. Let j be h(-14). What are the prime factors of -8*(j/(-4))/(-7)?
2, 109
Let o(c) = -69 - 3*c + c + 93. Let v be o(11). List the prime factors of (3/6)/(v/120).
2, 3, 5
Let u(n) = -192*n - 166. What are the prime factors of u(-6)?
2, 17, 29
Suppose -5*j = 1000 - 215. What are the prime factors of 2/(-4)*(-1 + j)?
79
Let x(l) = -11*l + 168. What are the prime factors of x(-50)?
2, 359
Let k = 5 + -3. Suppose -3*y = 3*o - 12, k*y + o - 9 = -2*o. Suppose -y*w - 129 = -6*w + 3*f, 2*w - 86 = -2*f. What are the prime factors of w?
43
Let k(q) = -9*q - 39. Let u be k(-11). Suppose 0 = -2*v + 5*s + u, -5*s = -v + 47 - 12. What are the prime factors of v?
5
Let x(i) = i**3 - 2*i**2 - 4*i + 3. Let y be x(6). Let s = -65 + y. What are the prime factors of s?
2, 29
Let f(m) = -45*m**3 + m**2 + 4*m + 3. Let z = 48 - 49. What are the prime factors of f(z)?
3, 5
Suppose m - 326 = 2*i, -583 = -3*m + 5*i + 397. What are the prime factors of m?
2, 3, 5, 11
Let f be 2/8 - (-111)/(-12). Let z = f - -14. Suppose -z*b = r - 25 - 27, 0 = -2*b + 2*r + 16. List the prime factors of b.
2, 5
Let v = 44 - 9. Suppose 200 = z + 5*l, v = 2*z + l - 329. List the prime factors of z.
2, 3, 5
Let a be (-6)/(-9)*(-12)/8. Let t(n) = 29*n**2 - 2*n. Let m be t(a). Let o = 86 - m. List the prime factors of o.
5, 11
Let c(n) = 0*n + 1 + 1 + 3*n - 4*n. Let p be c(2). Suppose v - 4*o - 55 = 0, -5*v + 0*o - 2*o + 231 = p. What are the prime factors of v?
47
Suppose g + 68 = -g. Let l = -8 - -57. Let p = l + g. List the prime factors of p.
3, 5
Let r = 410 - 133. List the prime factors of r.
277
Let x(d) = 8*d - 16. Let s be x(3). List the prime factors of 15/10 + 4/s.
2
Suppose 0 = 